actor of 28 and g?
28
Let d = 61 + -43. What is the highest common factor of d and 27?
9
Suppose -8 = -2*y + 6. Suppose 2*v - 2 = -2*w, 2*w + 19 = 4*v + w. Suppose 4*o + 0 + 14 = j, -3*o + 56 = v*j. What is the highest common divisor of y and j?
7
Suppose 4*u + 9 = 6*c - 5*c, 2*c - 32 = u. Suppose -66 = -4*d - 2*k, 4*d - 52 = d + k. Let b be (-3)/(-1)*d*3. Calculate the greatest common divisor of b and c.
17
Suppose 0 = -0*k - 4*k + 620. Suppose k = 5*y - 25. Calculate the highest common factor of 4 and y.
4
Let k = 43 + 38. Calculate the highest common factor of 9 and k.
9
Suppose 5*a - 2*k = 1034, 5*k = k + 12. Let b(t) = -t**3 + 5*t**2 + 4*t + 6. Let o be b(5). What is the highest common divisor of o and a?
26
Suppose 10*j - 11*j = -297. What is the highest common divisor of 27 and j?
27
Suppose 0 = 2*x + 2*z + 2, 4*x - 4*z - 32 = z. Let d(c) = x*c**2 + c + c + 0 - 1 + 2*c**2. Let j be d(1). What is the greatest common factor of j and 3?
3
Suppose -9 = -5*s + 11. Let z(b) = -2*b - 8. Let j be z(-8). Calculate the highest common divisor of s and j.
4
Let k = 367 - 172. What is the highest common factor of 15 and k?
15
Let v = 1 + 0. Let r be ((-264)/(-36))/(2/3). Calculate the highest common factor of r and v.
1
Suppose 2 + 6 = 4*k. Suppose -k*a = 3*x - 5*a - 24, -2*a + 11 = x. What is the highest common factor of x and 27?
9
Suppose -9*h - 8 = -5*h. Let v be -5 + h + -2 + 3. Let d(g) = g**3 + 10*g**2 + 8*g - 5. Let n be d(v). Calculate the greatest common factor of n and 13.
13
Suppose -2*z + 24 = 5*j - j, -3*j = z - 14. Suppose 2*d - 28 = -2*d. Let s = d + 81. What is the highest common factor of s and z?
8
Let p be 3 - (4 - (4 - 3)). Suppose p = 2*r - b + 6, -2*r + 3 - 1 = 3*b. Let w be (-2)/3*3/r. Calculate the highest common divisor of w and 1.
1
Let d(g) = -22*g**2 + 1. Let x be d(1). Let m = -9 - x. Let w = 17 + 43. Calculate the highest common divisor of m and w.
12
Suppose 3*z + 5 + 1 = 0. Let b = -8 + 9. Let v = b - z. What is the greatest common divisor of 3 and v?
3
Let b be (5 + -4)*3*4. Let w be (-1 - b/(-3)) + 2. Suppose -149 = -3*s + m, -2*m = 5*s + 3*m - 255. Calculate the greatest common divisor of w and s.
5
Let l(p) = p - 2. Let w be l(10). What is the greatest common divisor of 72 and w?
8
Suppose 0 = d + 4*f - 155, 7*d - 2*d + 3*f - 724 = 0. Let x = 278 - d. Let l = 2 + 13. Calculate the greatest common factor of l and x.
15
Let h = -43 + 127. Calculate the greatest common factor of 21 and h.
21
Suppose -2*c - 3 + 1 = 0. Let u(i) = -9*i + 2. Let o be u(-3). Let m = o - c. Calculate the greatest common divisor of 6 and m.
6
Let c = -1 - -5. Suppose c*n = 2*f - 0*n - 32, -3*f - 4*n = -28. What is the highest common factor of 4 and f?
4
Suppose 0 = -2*h - 20 + 38. Calculate the greatest common divisor of h and 15.
3
Let y = 12 - 8. Suppose -y*b + 109 - 21 = -4*z, 3*z = -b + 30. Calculate the highest common divisor of b and 16.
8
Let d be (0 - 10) + 2/2. Let b(h) = -h + 3. Let x be b(d). Calculate the greatest common divisor of 30 and x.
6
Let f(t) = 28*t**2 + 5*t - 6. Let x be f(4). Suppose -3*n = -n - x. Calculate the highest common factor of 33 and n.
33
Suppose 3*y + 2*y - 4*g = 75, -2*g + 1 = y. Calculate the greatest common factor of y and 44.
11
Let p = 11 - 11. Suppose a + 19 = 2*z, -5*z + a + 66 - 11 = p. Calculate the greatest common divisor of z and 132.
12
Suppose h + h = -6, 2*h = -l - 4. Suppose 2*c + f = 4, -3*c + 0*c = l*f - 4. Let s(m) = 14*m. Let d be s(2). Calculate the highest common factor of d and c.
4
Let x be (-114)/(-10) - (-6)/(-15)*1. Calculate the greatest common factor of x and 99.
11
Let q = -11 - -18. Suppose -2*v = -q - 3. Calculate the highest common divisor of v and 45.
5
Let n be 19/4 - (-2)/8. Suppose i = -6*i + 280. What is the greatest common divisor of i and n?
5
Suppose 18 = 4*o - o. Suppose -120 = o*q - 11*q. Calculate the greatest common factor of q and 3.
3
Suppose -d + 636 = 3*d. Let q = d - 86. Let x = -46 + q. What is the highest common factor of x and 18?
9
Let l = 248 + -131. Suppose 3*q + q - 52 = 0. Calculate the greatest common divisor of l and q.
13
Suppose 0 = -2*s - 3*s + 15. Suppose -18 = s*k - 48. Suppose 0 = -i + 2*i - h, 0 = 5*h - k. Calculate the greatest common divisor of i and 18.
2
Suppose -s + 4*g = -60, 0 = -4*s - 2*g + g + 291. Let y(u) = -u**2 + 11*u - 10. Let c be y(4). Calculate the greatest common factor of c and s.
18
Let k be 1 + 34*(-4)/(-8). What is the highest common divisor of 18 and k?
18
Let l be -6*(3 + 14/(-4)). Suppose -3*z = -0*z - 15. Suppose 0 = l*b - z*b + 80. What is the highest common factor of 8 and b?
8
Let k(v) = v**2 - v + 5. Let s be k(3). Calculate the highest common factor of s and 88.
11
Let s = -14 - -17. Let n be (-67)/(-5) + s/5. What is the highest common factor of n and 35?
7
Suppose -2*t = 2*t - 4. Suppose -s - t = -4*z + 2*s, -4*z - 3*s + 7 = 0. Calculate the highest common divisor of z and 8.
1
Let i(m) = -m**3 - 2*m**2 - 8*m + 6. Let j be i(-6). What is the highest common factor of j and 22?
22
Suppose 117 = i - 6*j + j, 565 = 5*i - 5*j. Calculate the highest common divisor of 14 and i.
14
Suppose 35 + 25 = 4*f. Suppose -f = -5*v - 0. Suppose -v*u = u - 84. Calculate the highest common divisor of 3 and u.
3
Suppose 2*d = -0*d + 42. Suppose -3 = g, 0 = q - 0*g + 3*g + 4. Suppose -3*r = -3*l + d, q*l + 3*r - 49 = 18. Calculate the highest common divisor of l and 121.
11
Let z(a) = 15*a**2 + 4*a - 3. Let s be z(1). What is the highest common divisor of s and 8?
8
Suppose 4*h - 2 = -22, 0 = -5*f - 4*h + 180. Let c(b) = -b**3 + 5*b**2 - 5*b + 2. Let r be c(3). What is the greatest common factor of f and r?
5
Suppose 72 = 5*l - 53. Let n = 26 - l. What is the highest common divisor of 9 and n?
1
Let j(b) = 14*b**3 - b**2 - 2*b + 1. Suppose 6 = 5*q - 4. Let w be j(q). What is the highest common divisor of w and 21?
21
Let w = -19 + 32. Suppose -3*z - 1 = -4*z + l, 2*z - l + 3 = 0. Let d be (-262)/(-5) - z/(-10). What is the greatest common divisor of w and d?
13
Suppose 4*a - 35 = -5*u, 4*a = -0*u + u + 17. What is the highest common factor of u and 21?
3
Let d = 163 + -267. Let f be d/(-6) - 6/(-9). What is the greatest common factor of 198 and f?
18
Suppose -4*v + 176 = -4*w, 0 = 3*v + 2*v - 15. Let r = w + 83. What is the greatest common factor of 28 and r?
14
Let b = -7 - -6. Let y(x) = x**3 + x**2 - 2. Let g be y(0). Let m be 1 + 0 + b - g. What is the greatest common factor of m and 8?
2
Suppose 0 = -4*b + 13 + 3. Suppose -b*h + 5 = 3*c - 0, 0 = -3*h + 4*c + 35. What is the greatest common factor of h and 35?
5
Let x(s) = -s + 1. Let t(o) = 2*o + 6. Let m be t(-4). Let i be x(m). Suppose i*g + g = 44. Calculate the greatest common divisor of 99 and g.
11
Let v = -63 + 118. What is the greatest common divisor of v and 5?
5
Suppose 0*r = -5*r + 150. What is the highest common divisor of r and 180?
30
Suppose -7*f + 695 = 4*h - 2*f, -2*f = -2*h + 370. What is the greatest common factor of 9 and h?
9
Suppose 0 = b + 3*q - 60, 5*b - b - 240 = 2*q. What is the highest common divisor of 4 and b?
4
Let q be (-27)/(-12)*(1 + 7). Let z = -12 - -21. Suppose -4*g - 1 = -z. Calculate the greatest common divisor of g and q.
2
Let j = 12 - 7. Suppose 6*x - 13 = j*x. Calculate the greatest common divisor of 52 and x.
13
Let z(o) be the first derivative of o**3/3 - 3*o - 1. Let s be z(4). Suppose 0 = -b - l + s, -1 = 4*l - 9. What is the highest common factor of b and 44?
11
Let z(s) = -s**2 + 16*s + 11. Let x be z(14). What is the highest common divisor of x and 117?
39
Let i be 110/4 - -2*(-2)/8. What is the highest common factor of i and 9?
9
Let w be (-18)/6 - (-23 + 0). Calculate the greatest common divisor of w and 30.
10
Let d(t) = 51*t**2 - 2*t + 1. Let l be d(1). Suppose -5*s - 19 - 156 = 0. Let x = l + s. What is the highest common divisor of 5 and x?
5
Suppose 0 = b + 4*b - 20, 21 = o + 4*b. Suppose -p = o*r - 19, -5*r = 4*p - 0*r - 151. Suppose 2*k - 24 = -16. What is the highest common factor of k and p?
4
Let b = 10 - 6. Suppose -b*w = -2*w - 96. Suppose -k + 32 = -w. Calculate the highest common divisor of k and 10.
10
Let d = -7 + -29. Let w = 63 + d. Calculate the greatest common divisor of 9 and w.
9
Let y = 19 - 7. L